4, what is 7c + 4d?
cb
In base 16, what is -31 + 1b?
-16
In base 4, what is 23003 - -2?
23011
In base 14, what is -3 + 70?
6b
In base 13, what is 201c + -7?
2015
In base 16, what is 11 - -3e?
4f
In base 11, what is -9 + -26?
-34
In base 5, what is 13 - 0?
13
In base 9, what is 15 + -17?
-2
In base 9, what is -8 - -261?
252
In base 7, what is 4 + 51?
55
In base 2, what is -1100100001 - 10?
-1100100011
In base 9, what is -20 + -10?
-30
In base 6, what is 35103 - -1?
35104
In base 11, what is -5 - -327?
322
In base 15, what is 2 - 1c2?
-1c0
In base 8, what is 4 - -341?
345
In base 11, what is 3 + 69?
71
In base 14, what is -6 - 5a?
-62
In base 8, what is -3 - 101?
-104
In base 7, what is 1140 - 3?
1134
In base 2, what is -10010 - -110?
-1100
In base 12, what is -2a - -6?
-24
In base 11, what is -1199 - 4?
-11a2
In base 5, what is -2114 - -3?
-2111
In base 14, what is -60 - -22?
-3c
In base 9, what is -30 - 32?
-62
In base 15, what is -b4 + 37?
-7c
In base 12, what is b - -277?
286
In base 14, what is -bbd - -10?
-bad
In base 11, what is -32 - -13?
-1a
In base 12, what is 2 + 930?
932
In base 14, what is -15 - -d?
-6
In base 13, what is -82 - -3?
-7c
In base 11, what is 471 - 2?
46a
In base 11, what is -21 - -1a?
-2
In base 14, what is -5 + -2?
-7
In base 4, what is -11 - 13211?
-13222
In base 8, what is 5 + 46?
53
In base 4, what is 3 - -10202?
10211
In base 2, what is 1010101111101 - 101?
1010101111000
In base 13, what is 76c5 - 0?
76c5
In base 6, what is 252 + -4?
244
In base 8, what is 4 + 65?
71
In base 7, what is 1 + 114?
115
In base 16, what is 456 + 1c?
472
In base 9, what is -86 - 7?
-104
In base 3, what is -1022200 - -2?
-1022121
In base 6, what is -4 + -445?
-453
In base 15, what is 47 - 8?
3e
In base 9, what is -27 - 378?
-416
In base 7, what is 0 + 60?
60
In base 7, what is -20 + -66?
-116
In base 11, what is 1682 + -5?
1678
In base 16, what is -7e - -98?
1a
In base 5, what is 10 - -141?
201
In base 14, what is -199 + 3?
-196
In base 3, what is 12001 - -2?
12010
In base 9, what is -630 + -4?
-634
In base 13, what is 2 - 27?
-25
In base 9, what is 43 - 20?
23
In base 6, what is 10 + 2421?
2431
In base 11, what is 2a8a + 1?
2a90
In base 16, what is 2 + -29?
-27
In base 10, what is -33 - -3?
-30
In base 13, what is -3 + 71?
6b
In base 14, what is 8 - 50?
-46
In base 8, what is -1305 - 4?
-1311
In base 3, what is -12 - 10000221?
-10001010
In base 4, what is 10232331 - 1?
10232330
In base 14, what is -6 - 135?
-13b
In base 14, what is -315 + 0?
-315
In base 2, what is -1 + 1110000?
1101111
In base 13, what is -4 - -c4?
c0
In base 7, what is -33 + 11?
-22
In base 13, what is -80 + -5?
-85
In base 3, what is 1220 + 12?
2002
In base 4, what is -1 - -1012?
1011
In base 16, what is c + -1b?
-f
In base 12, what is -5b73 + 3?
-5b70
In base 15, what is -3492 - 2?
-3494
In base 15, what is -c + 15?
8
In base 2, what is 11 + -101111?
-101100
In base 13, what is -6ab4 + -3?
-6ab7
In base 14, what is 33 + -38?
-5
In base 16, what is -3fa + 9?
-3f1
In base 5, what is -114 - 1?
-120
In base 3, what is -102010 - -11?
-101222
In base 14, what is 3 + -1d73?
-1d70
In base 10, what is -325 - 5?
-330
In base 10, what is -209 - 23?
-232
In base 7, what is -2 + -2355?
-2360
In base 3, what is 110 + -11102?
-10222
In base 6, what is 411 - -13?
424
In base 5, what is 3 + -3414?
-3411
In base 10, what is 4 + -54?
-50
In base 11, what is -1420 + -4?
-1424
In base 4, what is 1030 + -20?
1010
In base 9, what is -3 - -8?
5
In base 4, what is 20 + 123?
203
In base 4, what is -31 + 320?
223
In base 16, what is 1 + f9?
fa
In base 5, what is -24 + -20?
-44
In base 11, what is -2 + -220?
-222
In base 9, what is 10 + -22?
-12
In base 16, what is -5 - -5b?
56
In base 7, what is 3 - -2066?
2102
In base 14, what is 0 - 41?
-41
In base 9, what is -1 + 251?
250
In base 2, what is 111 + -1100?
-101
In base 7, what is -3 - -13220?
13214
In base 16, what is 2 - -2b?
2d
In base 10, what is -18 + -3?
-21
In base 5, what is 12 + -242?
-230
In base 8, what is -643 + -3?
-646
In base 12, what is 5 + -2?
3
In base 7, what is -1455 + -6?
-1464
In base 16, what is 5 + ac?
b1
In base 15, what is -125 + -5?
-12a
In base 4, what is 0 - 312?
-312
In base 3, what is 110120 - 0?
110120
In base 15, what is -c - 3b?
-48
In base 16, what is -33 - -3?
-30
In base 16, what is -22d - 8?
-235
In base 15, what is -6 - -54?
4d
In base 8, what is -3 - -335?
332
In base 16, what is -27 - -5a?
33
In base 5, what is 30 - 10?
20
In base 8, what is 5 - -3760?
3765
In base 5, what is -3 + 402?
344
In base 13, what is 17 - 5?
12
In base 2, what is -10 + -11111111?
-100000001
In base 13, what is -4 - -22?
1b
In base 6, what is -340 + 212?
-124
In base 9, what is -2850 + -5?
-2855
In base 16, what is -3 - f?
-12
In base 8, what is 1 + 24?
25
In base 2, what is 0 + 10101001?
10101001
In base 3, what is -201 - -2100?
1122
In base 13, what is -225 - 0?
-225
In base 7, what is -1 - -16?
15
In base 6, what is -1 - 104?
-105
In base 15, what is 181 + -4?
17c
In base 6, what is 34551 - 3?
34544
In base 16, what is 90 - -5?
95
In base 5, what is 202 - 0?
202
In base 10, what is -3 + 326?
323
In base 6, what is 0 - -1154?
1154
In base 15, what is 2d - 3?
2a
In base 10, what is 60 - 2?
58
In base 7, what is 5 - 106?
-101
In base 11, what is 2 + 43?
45
In base 10, what is 10 - 38?
-28
In base 13, what is -1 + -4b?
-4c
In base 13, what is 2 - -41?
43
In base 3, what is -101 + 12?
-12
In base 13, what is -824 + 28?
-7c9
In base 5, what is 400 - 10?
340
In base 5, what is 241 - 2?
234
In base 5, what is -40 + 23022?
22432
In base 14, what is -2 - -8?
6
In base 3, what is 0 - -1002110?
1002110
In base 3, what is 110 + 101?
211
In base 14, what is -2 - 44?
-46
In base 8, what is -155 - 1?
-156
In base 9, what is -332 - -5?
-326
In base 11, what is -1a17 - -2?
-1a15
In base 16, what is 0 + 9?
9
In base 4, what is -11 + -130?
-201
In base 7, what is -211652 + 2?
-211650
In base 3, what is -12122 + 12?
-12110
In base 15, what is -5 + 60?
5a
In base 16, what is -3 - -29?
26
In base 6, what is 15 - 40?
-21
In base 9, what is 1087 + -12?
1075
In base 7, what is 60433 + -5?
60425
In base 4, what is 0 - -2?
2
In base 15, what is 9 - 12?
-8
In base 9, what is 556 - -6?
563
In base 15, what is 4d1 - -2?
4d3
In base 16, what is 5 + 77d?
782
In base 15, what is 9 - -3?
c
In base 12, what is -2 - 14b5?
-14b7
In base 6, what is 10 - 155?
-145
In base 9, what is -1 - 3?
-4
In base 16, what is -4 - 11c?
-120
In base 2, what is -10110101110 - 1?
-10110101111
In base 15, what is -6 - 25?
-2b
In base 2, what is -1110 + -10101111?
-10111101
In base 16, what is -91f - -4?
-91b
In base 8, what is -534 - 111?
-645
In base 6, what is -3 - -12335?
12332
In base 10, what is 771 - -4?
775
In base 9, what is 5 + -503?
-487
In base 11, what is 33 - -5?
38
In base 10, what is -805 + 3?
-802
In base 10, what is 3 + -905?
-902
In base 16, what is 5 + -89?
-84
In base 2, what is -10010000 + -11101?
-10101101
In base 15, what is 58 + -c4?
-6b
In base 11, what is -5 + -447?
-451
In base 11, what is 5 - -98?
a2
In base 10, what is 0 - 125?
-125
In base 8, what is -4 - 1426?
-1432
In base 5, what is -24441 - -2?
-24434
In base 16, what is 5fb + 5?
600
In base 16, what is -6 + -f?
-15
In base 2, what is 10110101111 - 1?
10110101110
In base 3, what is -12 + 111002?
110220
In base 8, what is 21 + 66?
107
In base 4, what is -1323 - 3?
-1332
In base 8, what is -4 - 7462?
-7466
In base 2, what is 11 + 101000010000?
101000010011
In base 2, what is 1 - -1?
10
In base 9, what is -17381 + 5?
-17375
In base 14, what is 55 + 9?
60
In base 13, what is -20 + -50c?
-52c
In base 9, what is 15 + 87?
113
In base 14, what is -20 - -266?
246
In base 13, what is 22 - -2?
24
In base 7, what is -300 - 3?
-303
In base 4, what is 10 + -133123?
-133113
In base 5, what is -13322 - 10?
-13332
In base 5, what is -4 + -141?
-200
In base 7, what is 6260 - 5?
6252
In base 8, what is -1 - 52?
-53
In base 11, what is -5 - 20?
-25
In base 11, what is 5a6 - 4?
5a2
In base 6, what is -3 + -105445?
-105452
In base 12, what is -28 - b?
-37
In base 4, what is -1 + 10122?
10121
In base 14, what is 4040 + 2?
4042
In base 3, what is 10 + -201?
-121
In base 16, what is 1 + 55?
56
In base 2, what is -1101